{"id":18388,"date":"2023-06-29T18:17:55","date_gmt":"2023-06-29T16:17:55","guid":{"rendered":"https:\/\/www.astor.com.pl\/poradnikautomatyka\/?page_id=18388"},"modified":"2023-07-12T07:02:35","modified_gmt":"2023-07-12T05:02:35","slug":"kurs-obslugi-i-konfiguracji-serwonapedow-astraada-srv","status":"publish","type":"page","link":"https:\/\/www.astor.com.pl\/poradnikautomatyka\/kurs-obslugi-i-konfiguracji-serwonapedow-astraada-srv\/","title":{"rendered":"Kurs obs\u0142ugi i konfiguracji serwonap\u0119d\u00f3w Astraada SRV"},"content":{"rendered":"\n<div style=\"height:60px\" aria-hidden=\"true\" class=\"wp-block-spacer\"><\/div>\n\n\n\n<h2 class=\"wp-block-heading\">Czego nauczysz si\u0119 w tym kursie?<\/h2>\n\n\n\n<p>Kurs zosta\u0142 podzielony na siedem odcink\u00f3w, w kt\u00f3rych zyskasz wiedz\u0119 na temat serwonap\u0119d\u00f3w oraz niezb\u0119dnych zagadnie\u0144 z nimi zwi\u0105zanych, takich jak ich rodzaje, spos\u00f3b konfiguracji oraz przekazywania informacji.<\/p>\n\n\n\n<p>Poznasz procedur\u0119 bezpiecznego pod\u0142\u0105czania. Dowiesz si\u0119 mi\u0119dzy innymi czym jest EtherCAT, Modbus RTU oraz sterowanie Pulse-Direction (impuls-kierunek). Ponadto bazuj\u0105c na \u015brodowisku Codesys zrealizujesz podstawowe programy pozwalaj\u0105ce Ci zrozumie\u0107 procedur\u0119 komunikacji serwonap\u0119du ze sterownikiem PLC.<\/p>\n\n\n\n<p>Kurs przeznaczony jest dla os\u00f3b posiadaj\u0105cych podstawow\u0105 wiedz\u0119 z zakresu funkcjonalno\u015bci \u015brodowiska Codesys. Je\u015bli chcesz zapozna\u0107 si\u0119 z tym \u015brodowiskiem, skorzystaj z naszego <a href=\"https:\/\/www.astor.com.pl\/poradnikautomatyka\/kurs-programowania-w-codesys\/\">Kursu programowania w Codesys<\/a>, kt\u00f3ry pozwoli Ci opanowa\u0107 niezb\u0119dne zagadnienia.<\/p>\n\n\n\n<div style=\"height:40px\" aria-hidden=\"true\" class=\"wp-block-spacer\"><\/div>\n\n\n\n<h2 class=\"wp-block-heading\">Wykorzystany sprz\u0119t<\/h2>\n\n\n\n<ul class=\"wp-block-list\">\n<li><strong><a href=\"https:\/\/www.astor.com.pl\/sklep\/catalogsearch\/result\/?order=relevance&amp;q=serwonap%C4%99d+Astraada+SRV+\" target=\"_blank\" rel=\"noreferrer noopener\">serwonap\u0119d Astraada SRV &#8211; 63\/64<\/a><\/strong><\/li>\n\n\n\n<li><strong><a href=\"https:\/\/www.astor.com.pl\/sklep\/catalogsearch\/result\/?order=relevance&amp;q=sterownik+Astraada+One+\" target=\"_blank\" rel=\"noreferrer noopener\">sterownik Astraada One<\/a><\/strong><\/li>\n<\/ul>\n\n\n\n<div style=\"height:40px\" aria-hidden=\"true\" class=\"wp-block-spacer\"><\/div>\n\n\n\n<div class=\"wp-block-media-text alignwide is-stacked-on-mobile has-background has-very-light-gray-background-color\" style=\"grid-template-columns:29% auto\"><figure class=\"wp-block-media-text__media\"><img loading=\"lazy\" decoding=\"async\" width=\"767\" height=\"734\" src=\"https:\/\/www.astor.com.pl\/poradnikautomatyka\/wp-content\/uploads\/2023\/06\/wojciech-ryznar-767x734.jpg\" alt=\"\" class=\"wp-image-18403 size-full\" srcset=\"https:\/\/www.astor.com.pl\/poradnikautomatyka\/wp-content\/uploads\/2023\/06\/wojciech-ryznar-767x734.jpg 767w, https:\/\/www.astor.com.pl\/poradnikautomatyka\/wp-content\/uploads\/2023\/06\/wojciech-ryznar-768x735.jpg 768w, https:\/\/www.astor.com.pl\/poradnikautomatyka\/wp-content\/uploads\/2023\/06\/wojciech-ryznar.jpg 800w\" sizes=\"auto, (max-width: 767px) 100vw, 767px\" \/><\/figure><div class=\"wp-block-media-text__content\">\n<p>Autor kursu:<\/p>\n\n\n\n<h2 class=\"wp-block-heading\"><strong>Marcin Ryznar<\/strong><\/h2>\n\n\n\n<p>Student Akademii G\u00f3rniczo-Hutniczej w Krakowie, na kierunku Automatyka i Robotyka<br><\/p>\n<\/div><\/div>\n\n\n\n<div style=\"height:40px\" aria-hidden=\"true\" class=\"wp-block-spacer\"><\/div>\n\n\n\n<h2 class=\"wp-block-heading\">Plan kursu<\/h2>\n\n\n\n<div class=\"dowiesz-sie\" style=\"margin-top:40px; margin-bottom:40px\">\n<h3>Kurs obs\u0142ugi i konfiguracji serwonap\u0119d\u00f3w Astraada SRV<\/h3>\n<a href=\"https:\/\/www.astor.com.pl\/poradnikautomatyka\/z-czego-sklada-sie-zestaw-serwonapedowy-kurs-obslugi-i-konfiguracji-serwonapedow-astraada-srv-odc-1\/\">1. Z czego sk\u0142ada si\u0119 zestaw serwonap\u0119dowy?<\/a><br\/>\n<a href=\"https:\/\/www.astor.com.pl\/poradnikautomatyka\/pierwsze-podlaczenie-serwonapedu-i-przygotowanie-do-pracy-kurs-obslugi-i-konfiguracji-serwonapedow-astraada-srv-odc-2\/\">2. Pierwsze pod\u0142\u0105czenie serwonap\u0119du i przygotowanie do pracy.<\/a><br\/>\n<a href=\"https:\/\/www.astor.com.pl\/poradnikautomatyka\/komunikacja-ethercat-konfiguracja-i-przykladowa-aplikacja-w-srodowisku-codesys-czesc-1-kurs-obslugi-i-konfiguracji-serwonapedow-astraada-srv-odc-3\/\">3a. Sterowanie serwonap\u0119dem w EtherCAT \u2013 komunikacja i konfiguracja, cz\u0119\u015b\u0107 1.<\/a><br\/>\n<a href=\"https:\/\/www.astor.com.pl\/poradnikautomatyka\/komunikacja-ethercat-konfiguracja-i-przykladowa-aplikacja-w-srodowisku-codesys-czesc-2-kurs-obslugi-i-konfiguracji-serwonapedow-astraada-srv-odc-3\/\">3b. Sterowanie serwonap\u0119dem w EtherCAT \u2013 komunikacja i konfiguracja, cz\u0119\u015b\u0107 2.<\/a><br\/>\n<a href=\"https:\/\/www.astor.com.pl\/poradnikautomatyka\/komunikacja-modbus-rtu-konfiguracja-i-przykladowa-aplikacja-w-srodowisku-codesys-czesc-1-kurs-obslugi-i-konfiguracji-serwonapedow-astraada-srv-odc-4\/\">4a. Sterowanie serwonap\u0119dem w Modbus RTU \u2013 komunikacja i konfiguracja, cz\u0119\u015b\u0107 1<\/a><br\/>\n<a href=\"https:\/\/www.astor.com.pl\/poradnikautomatyka\/komunikacja-modbus-rtu-konfiguracja-i-przykladowa-aplikacja-w-srodowisku-codesys-czesc-2-kurs-obslugi-i-konfiguracji-serwonapedow-astraada-srv-odc-4\/\">4b. Sterowanie serwonap\u0119dem w Modbus RTU \u2013 komunikacja i konfiguracja, cz\u0119\u015b\u0107 2<\/a><br\/>\n<a href=\"https:\/\/www.astor.com.pl\/poradnikautomatyka\/sterowanie-pulse-direction-jak-sterowac-serwonapedem-poprzez-impulsy-kurs-obslugi-i-konfiguracji-serwonapedow-astraada-srv-odc-5\/\">5. Sterowanie Pulse Direction \u2013 jak sterowa\u0107 serwonap\u0119dem poprzez impulsy?<\/a><br\/>\n<a href=\"https:\/\/www.astor.com.pl\/poradnikautomatyka\/czym-jest-oraz-jakie-mozliwosci-daje-tryb-jog-kurs-obslugi-i-konfiguracji-serwonapedow-astraada-srv-odc-6\/\">6. Czym jest oraz jakie mo\u017cliwo\u015bci daje tryb JOG?<\/a><br\/>\n<a href=\"https:\/\/www.astor.com.pl\/poradnikautomatyka\/jak-dziala-funkcja-sto-w-serwonapedzie-oraz-jak-podlaczyc-e-stop-kurs-obslugi-i-konfiguracji-serwonapedow-astraada-srv-odc-7\/\">7. Jak dzia\u0142a funkcja STO w serwonap\u0119dzie oraz jak pod\u0142\u0105czy\u0107 E-STOP?<\/a><br\/>\n<\/div>\n","protected":false},"excerpt":{"rendered":"<p>Czego nauczysz si\u0119 w tym kursie? Kurs zosta\u0142 podzielony na siedem odcink\u00f3w, w kt\u00f3rych zyskasz wiedz\u0119 na temat serwonap\u0119d\u00f3w oraz niezb\u0119dnych zagadnie\u0144 z nimi zwi\u0105zanych, takich jak ich rodzaje, spos\u00f3b konfiguracji oraz przekazywania informacji. Poznasz procedur\u0119 bezpiecznego pod\u0142\u0105czania. Dowiesz si\u0119 mi\u0119dzy innymi czym jest EtherCAT, Modbus RTU oraz sterowanie Pulse-Direction (impuls-kierunek). Ponadto bazuj\u0105c na \u015brodowisku [&hellip;]<\/p>\n","protected":false},"author":43,"featured_media":18354,"parent":0,"menu_order":0,"comment_status":"closed","ping_status":"closed","template":"","meta":{"_acf_changed":false,"footnotes":""},"class_list":["post-18388","page","type-page","status-publish","has-post-thumbnail","hentry"],"acf":[],"yoast_head":"<!-- This site is optimized with the Yoast SEO plugin v27.3 - https:\/\/yoast.com\/product\/yoast-seo-wordpress\/ -->\r\n<title>Kurs obs\u0142ugi i konfiguracji serwonap\u0119d\u00f3w Astraada SRV | Poradnik Automatyka<\/title>\r\n<meta name=\"robots\" content=\"index, follow, max-snippet:-1, max-image-preview:large, max-video-preview:-1\" \/>\r\n<link rel=\"canonical\" href=\"https:\/\/www.astor.com.pl\/poradnikautomatyka\/kurs-obslugi-i-konfiguracji-serwonapedow-astraada-srv\/\" \/>\r\n<meta property=\"og:locale\" content=\"pl_PL\" \/>\r\n<meta property=\"og:type\" content=\"article\" \/>\r\n<meta property=\"og:title\" content=\"Kurs obs\u0142ugi i konfiguracji serwonap\u0119d\u00f3w Astraada SRV | Poradnik Automatyka\" \/>\r\n<meta property=\"og:description\" content=\"Czego nauczysz si\u0119 w tym kursie? Kurs zosta\u0142 podzielony na siedem odcink\u00f3w, w kt\u00f3rych zyskasz wiedz\u0119 na temat serwonap\u0119d\u00f3w oraz niezb\u0119dnych zagadnie\u0144 z nimi zwi\u0105zanych, takich jak ich rodzaje, spos\u00f3b konfiguracji oraz przekazywania informacji. Poznasz procedur\u0119 bezpiecznego pod\u0142\u0105czania. Dowiesz si\u0119 mi\u0119dzy innymi czym jest EtherCAT, Modbus RTU oraz sterowanie Pulse-Direction (impuls-kierunek). Ponadto bazuj\u0105c na \u015brodowisku [&hellip;]\" \/>\r\n<meta property=\"og:url\" content=\"https:\/\/www.astor.com.pl\/poradnikautomatyka\/kurs-obslugi-i-konfiguracji-serwonapedow-astraada-srv\/\" \/>\r\n<meta property=\"og:site_name\" content=\"Poradnik Automatyka\" \/>\r\n<meta property=\"article:modified_time\" content=\"2023-07-12T05:02:35+00:00\" \/>\r\n<meta property=\"og:image\" content=\"https:\/\/www.astor.com.pl\/poradnikautomatyka\/wp-content\/uploads\/2023\/06\/kurs-srv-header2.jpg\" \/>\r\n\t<meta property=\"og:image:width\" content=\"1000\" \/>\r\n\t<meta property=\"og:image:height\" content=\"520\" \/>\r\n\t<meta property=\"og:image:type\" content=\"image\/jpeg\" \/>\r\n<meta name=\"twitter:card\" content=\"summary_large_image\" \/>\r\n<meta name=\"twitter:label1\" content=\"Szacowany czas czytania\" \/>\n\t<meta name=\"twitter:data1\" content=\"1 minuta\" \/>\r\n<script type=\"application\/ld+json\" class=\"yoast-schema-graph\">{\"@context\":\"https:\\\/\\\/schema.org\",\"@graph\":[{\"@type\":\"WebPage\",\"@id\":\"https:\\\/\\\/www.astor.com.pl\\\/poradnikautomatyka\\\/kurs-obslugi-i-konfiguracji-serwonapedow-astraada-srv\\\/\",\"url\":\"https:\\\/\\\/www.astor.com.pl\\\/poradnikautomatyka\\\/kurs-obslugi-i-konfiguracji-serwonapedow-astraada-srv\\\/\",\"name\":\"Kurs obs\u0142ugi i konfiguracji serwonap\u0119d\u00f3w Astraada SRV | Poradnik Automatyka\",\"isPartOf\":{\"@id\":\"https:\\\/\\\/www.astor.com.pl\\\/poradnikautomatyka\\\/#website\"},\"primaryImageOfPage\":{\"@id\":\"https:\\\/\\\/www.astor.com.pl\\\/poradnikautomatyka\\\/kurs-obslugi-i-konfiguracji-serwonapedow-astraada-srv\\\/#primaryimage\"},\"image\":{\"@id\":\"https:\\\/\\\/www.astor.com.pl\\\/poradnikautomatyka\\\/kurs-obslugi-i-konfiguracji-serwonapedow-astraada-srv\\\/#primaryimage\"},\"thumbnailUrl\":\"https:\\\/\\\/www.astor.com.pl\\\/poradnikautomatyka\\\/wp-content\\\/uploads\\\/2023\\\/06\\\/kurs-srv-header2.jpg\",\"datePublished\":\"2023-06-29T16:17:55+00:00\",\"dateModified\":\"2023-07-12T05:02:35+00:00\",\"inLanguage\":\"pl-PL\",\"potentialAction\":[{\"@type\":\"ReadAction\",\"target\":[\"https:\\\/\\\/www.astor.com.pl\\\/poradnikautomatyka\\\/kurs-obslugi-i-konfiguracji-serwonapedow-astraada-srv\\\/\"]}]},{\"@type\":\"ImageObject\",\"inLanguage\":\"pl-PL\",\"@id\":\"https:\\\/\\\/www.astor.com.pl\\\/poradnikautomatyka\\\/kurs-obslugi-i-konfiguracji-serwonapedow-astraada-srv\\\/#primaryimage\",\"url\":\"https:\\\/\\\/www.astor.com.pl\\\/poradnikautomatyka\\\/wp-content\\\/uploads\\\/2023\\\/06\\\/kurs-srv-header2.jpg\",\"contentUrl\":\"https:\\\/\\\/www.astor.com.pl\\\/poradnikautomatyka\\\/wp-content\\\/uploads\\\/2023\\\/06\\\/kurs-srv-header2.jpg\",\"width\":1000,\"height\":520},{\"@type\":\"WebSite\",\"@id\":\"https:\\\/\\\/www.astor.com.pl\\\/poradnikautomatyka\\\/#website\",\"url\":\"https:\\\/\\\/www.astor.com.pl\\\/poradnikautomatyka\\\/\",\"name\":\"Poradnik Automatyka\",\"description\":\"Poradnik Automatyka to przydatne kursy, u\u017cyteczne artyku\u0142y i merytoryczne webinary dla ka\u017cdego automatyka i elektryka.\",\"publisher\":{\"@id\":\"https:\\\/\\\/www.astor.com.pl\\\/poradnikautomatyka\\\/#organization\"},\"potentialAction\":[{\"@type\":\"SearchAction\",\"target\":{\"@type\":\"EntryPoint\",\"urlTemplate\":\"https:\\\/\\\/www.astor.com.pl\\\/poradnikautomatyka\\\/?s={search_term_string}\"},\"query-input\":{\"@type\":\"PropertyValueSpecification\",\"valueRequired\":true,\"valueName\":\"search_term_string\"}}],\"inLanguage\":\"pl-PL\"},{\"@type\":\"Organization\",\"@id\":\"https:\\\/\\\/www.astor.com.pl\\\/poradnikautomatyka\\\/#organization\",\"name\":\"ASTOR\",\"url\":\"https:\\\/\\\/www.astor.com.pl\\\/poradnikautomatyka\\\/\",\"logo\":{\"@type\":\"ImageObject\",\"inLanguage\":\"pl-PL\",\"@id\":\"https:\\\/\\\/www.astor.com.pl\\\/poradnikautomatyka\\\/#\\\/schema\\\/logo\\\/image\\\/\",\"url\":\"https:\\\/\\\/www.astor.com.pl\\\/poradnikautomatyka\\\/wp-content\\\/uploads\\\/2018\\\/08\\\/ASTOR_zwykly_sam_logotyp.png\",\"contentUrl\":\"https:\\\/\\\/www.astor.com.pl\\\/poradnikautomatyka\\\/wp-content\\\/uploads\\\/2018\\\/08\\\/ASTOR_zwykly_sam_logotyp.png\",\"width\":3322,\"height\":1078,\"caption\":\"ASTOR\"},\"image\":{\"@id\":\"https:\\\/\\\/www.astor.com.pl\\\/poradnikautomatyka\\\/#\\\/schema\\\/logo\\\/image\\\/\"}}]}<\/script>\r\n<!-- \/ Yoast SEO plugin. -->","yoast_head_json":{"title":"Kurs obs\u0142ugi i konfiguracji serwonap\u0119d\u00f3w Astraada SRV | Poradnik Automatyka","robots":{"index":"index","follow":"follow","max-snippet":"max-snippet:-1","max-image-preview":"max-image-preview:large","max-video-preview":"max-video-preview:-1"},"canonical":"https:\/\/www.astor.com.pl\/poradnikautomatyka\/kurs-obslugi-i-konfiguracji-serwonapedow-astraada-srv\/","og_locale":"pl_PL","og_type":"article","og_title":"Kurs obs\u0142ugi i konfiguracji serwonap\u0119d\u00f3w Astraada SRV | Poradnik Automatyka","og_description":"Czego nauczysz si\u0119 w tym kursie? Kurs zosta\u0142 podzielony na siedem odcink\u00f3w, w kt\u00f3rych zyskasz wiedz\u0119 na temat serwonap\u0119d\u00f3w oraz niezb\u0119dnych zagadnie\u0144 z nimi zwi\u0105zanych, takich jak ich rodzaje, spos\u00f3b konfiguracji oraz przekazywania informacji. Poznasz procedur\u0119 bezpiecznego pod\u0142\u0105czania. Dowiesz si\u0119 mi\u0119dzy innymi czym jest EtherCAT, Modbus RTU oraz sterowanie Pulse-Direction (impuls-kierunek). Ponadto bazuj\u0105c na \u015brodowisku [&hellip;]","og_url":"https:\/\/www.astor.com.pl\/poradnikautomatyka\/kurs-obslugi-i-konfiguracji-serwonapedow-astraada-srv\/","og_site_name":"Poradnik Automatyka","article_modified_time":"2023-07-12T05:02:35+00:00","og_image":[{"width":1000,"height":520,"url":"https:\/\/www.astor.com.pl\/poradnikautomatyka\/wp-content\/uploads\/2023\/06\/kurs-srv-header2.jpg","type":"image\/jpeg"}],"twitter_card":"summary_large_image","twitter_misc":{"Szacowany czas czytania":"1 minuta"},"schema":{"@context":"https:\/\/schema.org","@graph":[{"@type":"WebPage","@id":"https:\/\/www.astor.com.pl\/poradnikautomatyka\/kurs-obslugi-i-konfiguracji-serwonapedow-astraada-srv\/","url":"https:\/\/www.astor.com.pl\/poradnikautomatyka\/kurs-obslugi-i-konfiguracji-serwonapedow-astraada-srv\/","name":"Kurs obs\u0142ugi i konfiguracji serwonap\u0119d\u00f3w Astraada SRV | Poradnik Automatyka","isPartOf":{"@id":"https:\/\/www.astor.com.pl\/poradnikautomatyka\/#website"},"primaryImageOfPage":{"@id":"https:\/\/www.astor.com.pl\/poradnikautomatyka\/kurs-obslugi-i-konfiguracji-serwonapedow-astraada-srv\/#primaryimage"},"image":{"@id":"https:\/\/www.astor.com.pl\/poradnikautomatyka\/kurs-obslugi-i-konfiguracji-serwonapedow-astraada-srv\/#primaryimage"},"thumbnailUrl":"https:\/\/www.astor.com.pl\/poradnikautomatyka\/wp-content\/uploads\/2023\/06\/kurs-srv-header2.jpg","datePublished":"2023-06-29T16:17:55+00:00","dateModified":"2023-07-12T05:02:35+00:00","inLanguage":"pl-PL","potentialAction":[{"@type":"ReadAction","target":["https:\/\/www.astor.com.pl\/poradnikautomatyka\/kurs-obslugi-i-konfiguracji-serwonapedow-astraada-srv\/"]}]},{"@type":"ImageObject","inLanguage":"pl-PL","@id":"https:\/\/www.astor.com.pl\/poradnikautomatyka\/kurs-obslugi-i-konfiguracji-serwonapedow-astraada-srv\/#primaryimage","url":"https:\/\/www.astor.com.pl\/poradnikautomatyka\/wp-content\/uploads\/2023\/06\/kurs-srv-header2.jpg","contentUrl":"https:\/\/www.astor.com.pl\/poradnikautomatyka\/wp-content\/uploads\/2023\/06\/kurs-srv-header2.jpg","width":1000,"height":520},{"@type":"WebSite","@id":"https:\/\/www.astor.com.pl\/poradnikautomatyka\/#website","url":"https:\/\/www.astor.com.pl\/poradnikautomatyka\/","name":"Poradnik Automatyka","description":"Poradnik Automatyka to przydatne kursy, u\u017cyteczne artyku\u0142y i merytoryczne webinary dla ka\u017cdego automatyka i elektryka.","publisher":{"@id":"https:\/\/www.astor.com.pl\/poradnikautomatyka\/#organization"},"potentialAction":[{"@type":"SearchAction","target":{"@type":"EntryPoint","urlTemplate":"https:\/\/www.astor.com.pl\/poradnikautomatyka\/?s={search_term_string}"},"query-input":{"@type":"PropertyValueSpecification","valueRequired":true,"valueName":"search_term_string"}}],"inLanguage":"pl-PL"},{"@type":"Organization","@id":"https:\/\/www.astor.com.pl\/poradnikautomatyka\/#organization","name":"ASTOR","url":"https:\/\/www.astor.com.pl\/poradnikautomatyka\/","logo":{"@type":"ImageObject","inLanguage":"pl-PL","@id":"https:\/\/www.astor.com.pl\/poradnikautomatyka\/#\/schema\/logo\/image\/","url":"https:\/\/www.astor.com.pl\/poradnikautomatyka\/wp-content\/uploads\/2018\/08\/ASTOR_zwykly_sam_logotyp.png","contentUrl":"https:\/\/www.astor.com.pl\/poradnikautomatyka\/wp-content\/uploads\/2018\/08\/ASTOR_zwykly_sam_logotyp.png","width":3322,"height":1078,"caption":"ASTOR"},"image":{"@id":"https:\/\/www.astor.com.pl\/poradnikautomatyka\/#\/schema\/logo\/image\/"}}]}},"_links":{"self":[{"href":"https:\/\/www.astor.com.pl\/poradnikautomatyka\/wp-json\/wp\/v2\/pages\/18388","targetHints":{"allow":["GET"]}}],"collection":[{"href":"https:\/\/www.astor.com.pl\/poradnikautomatyka\/wp-json\/wp\/v2\/pages"}],"about":[{"href":"https:\/\/www.astor.com.pl\/poradnikautomatyka\/wp-json\/wp\/v2\/types\/page"}],"author":[{"embeddable":true,"href":"https:\/\/www.astor.com.pl\/poradnikautomatyka\/wp-json\/wp\/v2\/users\/43"}],"replies":[{"embeddable":true,"href":"https:\/\/www.astor.com.pl\/poradnikautomatyka\/wp-json\/wp\/v2\/comments?post=18388"}],"version-history":[{"count":2,"href":"https:\/\/www.astor.com.pl\/poradnikautomatyka\/wp-json\/wp\/v2\/pages\/18388\/revisions"}],"predecessor-version":[{"id":18429,"href":"https:\/\/www.astor.com.pl\/poradnikautomatyka\/wp-json\/wp\/v2\/pages\/18388\/revisions\/18429"}],"wp:featuredmedia":[{"embeddable":true,"href":"https:\/\/www.astor.com.pl\/poradnikautomatyka\/wp-json\/wp\/v2\/media\/18354"}],"wp:attachment":[{"href":"https:\/\/www.astor.com.pl\/poradnikautomatyka\/wp-json\/wp\/v2\/media?parent=18388"}],"curies":[{"name":"wp","href":"https:\/\/api.w.org\/{rel}","templated":true}]}}